2)?
-2
Let u(t) = -2*t + 2. Give u(-9).
20
Let f(q) = -q**2 - 8*q - 5. Calculate f(-7).
2
Let c(j) = -j - 5. What is c(3)?
-8
Let k(n) = 2*n**2 + 18*n + 11. Determine k(-8).
-5
Let n(p) = -2*p**2 + 4. Determine n(-2).
-4
Let a(u) = u**2 + 3*u - 10. What is a(-7)?
18
Let x(m) = 12*m + 486. Give x(-40).
6
Let x(c) = -c**3 - 9*c**2 - 14*c. Give x(-7).
0
Let m(a) = -a**2 + 12*a + 3. What is m(11)?
14
Let i(q) = 56*q + 33. Give i(0).
33
Let z(l) = -6*l + 63. What is z(29)?
-111
Let b(r) = -3*r + 11. Give b(-5).
26
Let z(o) = -3*o**2 - 3*o - 17. Determine z(5).
-107
Let v(o) = 9*o - 62. Determine v(8).
10
Let i(l) = l**3 - 9*l**2 + 10*l. What is i(6)?
-48
Let h(y) = -2*y + 67. Calculate h(-20).
107
Let j(i) = -i**2 - 17*i - 47. What is j(-15)?
-17
Let u(a) = -a**2 - a - 6. Calculate u(0).
-6
Let c(d) = d**3 - 9*d**2 + 14*d + 6. Calculate c(7).
6
Let n(l) = -l**3 - 13*l**2 + 12*l - 17. Give n(-14).
11
Let g(d) = d**3 - 16*d**2 + 53*d + 27. Give g(11).
5
Let w(b) = -6*b - 11. Give w(-2).
1
Let y(b) = -b**3 + 11*b**2 + 13*b - 16. What is y(12)?
-4
Let d(c) = -113*c - 115. Calculate d(-1).
-2
Let f(c) = 13*c - 125. Calculate f(9).
-8
Let y(a) = -a**2 - a + 30. Calculate y(-6).
0
Let a(g) = g - 13. Calculate a(16).
3
Let z(x) = x + 46. Determine z(-24).
22
Let a(u) = -u**2 + 17*u + 6. Calculate a(18).
-12
Let b(u) = -2*u**3 + 21*u**2 - 10*u + 11. Calculate b(10).
11
Let x(n) = 3*n**2 + 162*n + 152. Determine x(-53).
-7
Let y(q) = q**2 - 8*q - 19. Give y(11).
14
Let d(g) = g**3 - 7*g**2 - 9. Calculate d(7).
-9
Let g(w) = 5*w - 2. Determine g(7).
33
Let g(b) = b**3 + 7*b**2 - 22*b - 13. Calculate g(-9).
23
Let x(n) = 11*n - 4. What is x(-3)?
-37
Let d(c) = -c**3 + 7*c**2 + 100*c - 24. What is d(14)?
4
Let w(k) = k**2 + 6*k + 7. Determine w(-6).
7
Let h(p) = p**3 + 8*p**2 + 4*p + 12. Determine h(-8).
-20
Let r(x) = -x + 18. Calculate r(10).
8
Let j(n) = n + 2. Calculate j(2).
4
Let r(g) = 10*g**3 + 2*g**2 + g + 2. Determine r(2).
92
Let u(o) = 3*o**2 + 8*o. Determine u(-6).
60
Let i(k) = -k**2 - 13*k - 24. Determine i(-7).
18
Let d(k) = 4*k - 2. Determine d(3).
10
Let d(a) = -a**3 - 6*a**2 + 13*a + 34. Give d(-7).
-8
Let w(o) = o**3 - 14*o**2 + 13*o - 6. Give w(13).
-6
Let d(o) = o**3 + 7*o**2 + 3*o - 2. What is d(-6)?
16
Let j(m) = -m**2 + 9*m. Give j(9).
0
Let x(f) = 2*f + 1. What is x(-1)?
-1
Let a(o) = -o**2 - o. Give a(3).
-12
Let q(w) = -2*w**2 - 20*w + 41. What is q(-12)?
-7
Let c(v) = 3*v**2 + 31*v - 19. Calculate c(-11).
3
Let y(i) = i**3 + 6*i**2 + 3*i + 1. What is y(-6)?
-17
Let s(u) = -u**3 - 5*u**2 + 6*u + 11. Determine s(-7).
67
Let q(k) = 13*k - 55. Calculate q(4).
-3
Let i(d) = d**2 - d - 31. Calculate i(0).
-31
Let k(p) = 3*p**2 + 204*p + 8. Determine k(-68).
8
Let z(c) = 5*c + 96. Give z(-23).
-19
Let r(f) = -27*f - 35. Calculate r(-4).
73
Let w(p) = -p**2 - 16*p - 11. Give w(-13).
28
Let i(x) = -x**3 + 7*x**2 - 3*x + 6. Calculate i(7).
-15
Let t(d) = 21*d - 142. Determine t(7).
5
Let v(c) = 10*c + 99. Calculate v(-7).
29
Let s(u) = 13*u**2 - 5*u - 5. What is s(3)?
97
Let x(r) = 5*r + 15. What is x(-14)?
-55
Let c(n) = -n - 36. Give c(-15).
-21
Let q(f) = -7*f + 2. What is q(4)?
-26
Let l(h) = 2*h**3 + 2*h**2 + 3*h - 2. What is l(-2)?
-16
Let p(r) = 11*r + 11. Determine p(1).
22
Let d(w) = -2*w**3 + 26*w**2 + 28*w - 7. Calculate d(14).
-7
Let f(z) = 2*z**2 + 9*z - 6. What is f(-5)?
-1
Let m(j) = 2*j**2 - 8*j - 8. Calculate m(7).
34
Let t(d) = d + 14. Determine t(-10).
4
Let o(b) = -6*b - 4. Give o(-6).
32
Let k(b) = -11*b + 58. Give k(-11).
179
Let h(g) = g + 2. Calculate h(-4).
-2
Let o(d) = -2*d + 52. Give o(18).
16
Let y(o) = -o**3 - 20*o**2 - 22*o. Determine y(-19).
57
Let x(s) = 2*s + 49. Give x(6).
61
Let g(d) = -13*d + 261. What is g(20)?
1
Let d(n) = -n**2 + 18*n + 880. Give d(40).
0
Let z(c) = -15*c - 86. Give z(-6).
4
Let i(w) = 9*w - 14. What is i(7)?
49
Let l(o) = -o**3 - 12*o**2 - 39*o - 24. Calculate l(-7).
4
Let r(t) = t**3 - 26*t**2 - 32*t + 91. Give r(27).
-44
Let s(z) = z**3 + 8*z**2 - 14*z - 15. Determine s(-9).
30
Let m(p) = -5*p**2 - 11*p - 11. Determine m(-1).
-5
Let v(a) = a**3 + 21*a**2 + 22*a + 26. What is v(-20)?
-14
Let p(n) = n**3 - 12*n**2 + 15*n - 10. Give p(10).
-60
Let z(a) = 11*a + 99. Give z(-10).
-11
Let y(u) = 3*u**2 - 2. Determine y(2).
10
Let o(t) = 25*t + 21. What is o(-1)?
-4
Let s(q) = -17*q - 191. What is s(-11)?
-4
Let z(k) = 8*k - 1. What is z(-1)?
-9
Let c(s) = 31*s - 48. Determine c(2).
14
Let o(g) = 10*g**2 - 2*g - 11. Determine o(4).
141
Let u(v) = -v**3 + 8*v**2 - 9*v + 15. What is u(7)?
1
Let u(b) = 2*b. What is u(-5)?
-10
Let c(d) = 3*d**2 + 2*d + 5. Give c(-2).
13
Let j(m) = m + 3. Determine j(13).
16
Let d(n) = -n**2 + 22*n + 50. What is d(24)?
2
Let p(z) = z**2 - 3*z - 5. Give p(-7).
65
Let m(j) = -13*j + 4. Determine m(3).
-35
Let d(w) = -w**3 - 10*w**2 - 12*w + 62. Determine d(-5).
-3
Let a(k) = -k**2 - 10*k - 18. Determine a(-7).
3
Let r(w) = -2*w**2 + 15*w + 161. Calculate r(-6).
-1
Let x(c) = 7*c + 38. Give x(-4).
10
Let i(x) = -x**2 + 4*x + 12. Give i(6).
0
Let j(b) = 3*b**2 + 8*b - 3. Calculate j(2).
25
Let a(v) = v**3 + 11*v**2 - 3. Calculate a(-11).
-3
Let t(p) = -2*p**2 - 2*p - 8. Give t(0).
-8
Let q(w) = -w**3 + 18*w**2 - 16*w - 19. What is q(17)?
-2
Let j(z) = -z**3 + 15*z**2 + 34*z + 21. Determine j(17).
21
Let v(q) = 2*q**3 + 15*q**2 + 6*q - 67. Calculate v(-6).
5
Let u(z) = -z**2 + 10*z - 19. Give u(8).
-3
Let b(v) = 7*v**2 - v - 1. Determine b(1).
5
Let k(x) = x**2 - 9*x + 5. Calculate k(6).
-13
Let x(j) = 6*j - 25. Calculate x(4).
-1
Let i(j) = j**3 + 5*j**2 - j - 1. Calculate i(-6).
-31
Let h(z) = 18*z - 7. What is h(2)?
29
Let s(t) = -t**2 - 4*t + 1. Calculate s(3).
-20
Let c(d) = -4*d + 110. Give c(29).
-6
Let x(o) = 19*o - 198. Determine x(10).
-8
Let w(o) = 3*o**2 + 27. Determine w(0).
27
Let x(y) = y**3 + 9*y**2 - 2*y - 23. Determine x(-10).
-103
Let k(j) = -7*j + 52. Determine k(8).
-4
Let q(j) = 12*j + 35. Calculate q(-4).
-13
Let d(w) = -w**3 - 12*w**2 + 11*w - 26. What is d(-13)?
0
Let r(t) = -t**2 + 10*t + 30. Determine r(11).
19
Let l(v) = 4*v + 11. Give l(-3).
-1
Let r(d) = 41*d - 414. Calculate r(10).
-4
Let h(b) = b + 17. Calculate h(-23).
-6
Let o(y) = 2*y + 5. Calculate o(-1).
3
Let r(q) = 7*q + 6. What is r(-3)?
-15
Let k(s) = -s**2 - 2*s - 6. Give k(-3).
-9
Let p(k) = -k**3 + 16*k**2 - 2. Determine p(16).
-2
Let i(m) = m**2 + 16*m + 56. What is i(-6)?
-4
Let n(k) = -8*k**2 + 4*k - 11. Give n(3).
-71
Let o(r) = -r**2 - 8*r - 12. Calculate o(-10).
-32
Let t(m) = 5*m. Determine t(5).
25
Let y(r) = r**2 + 21*r + 7. Determine y(-21).
7
Let r(p) = -p**3 + 7*p**2 + 13*p + 13. Calculate r(8).
53
Let j(v) = -7*v**2 - 4*v + 6. Determine j(-3).
-45
Let n(i) = -i**3 - 9*i**2 + 25*i + 21. What is n(-11)?
-12
Let r(q) = -2*q - 67. Calculate r(-20).
-27
Let n(z) = z**2 + 9*z - 41. Determine n(-13).
11
Let o(l) = -l**3 + 8*l**2 - 9*l + 5. What is o(7)?
-9
Let m(s) = -20*s. Give m(0).
0
Let b(t) = t + 19. Determine b(-20).
-1
Let c(t) = t**3 + 19*t**2 + 6*t + 106. Calculate c(-19).
-8
Let d(z) = -z**2 - z. Determine d(3).
-12
Let d(a) = -a**2 + a. What is d(0)?
0
Let o(g) = -12*g + 474. Determine o(39).
6
Let k(u) = -u**2 - 9*u - 4. Calculate k(-8).
4
Let y(g) = -g**3 + 8*g**2 - g - 4. Calculate y(8).
-12
Let n(w) = -30*w + 141. Calculate n(5).
-9
Let a(j) = -j**2 - 8*j + 9. Determine a(-9).
0
Let h(g) = g**2 - 24*g + 14. Determine h(24).
14
Let b(g) = -g**3 - 9*g**2 - 12*g - 22. What is b(-8)?
10
Let t(o) = -3*o - 32. Give t(-9).
-5
Let l(m) = -5*m**2 - 9*m - 3. Determine l(-2).
-5
Let q(v) = -16*v + 12. What is q(4)?
-52
Let y(d) = d**3 - 8*d**2 - 8*d + 4. Calculate y(9).
13
Let v(b) = -b**3 - 5*b**2 + 8*b + 27. Determine v(-5).
-13
Let j(t) = -10*t**3 - 2*t**2 + 2*t + 2. Determine j(-2).
70
Let z(m) = -m**3 + 8*m**2 - 11*m + 12. Determine z(7).
-16
Let i(u) = -u**2 + 13*u - 13. What is i(2)?
9
Let c(y) = -10*y**3 - 2*y**2 + 2*y - 2. Give c(2).
-86
Let w(z) = z**3 + 7*z**2 - 10*z - 12. Determine w(-8).
4
Let v(b) = 3*b**3 + 2*b**2 - 6*b + 1. Determine v(-3).
-44
Let s(m) = -2*m**2 + 74*m - 63. Give s(36).
9
Let z(b) = b**2 - 13*b - 19. Give z(13).
-19
Let o(k) = -35*k**3 + 2*k**2 - 1. What is o(-1)?
36
Let g(b) = -20*b - 89. Calculate g(-5).
11
Let i(s) = s**2 